 the tens digit of o?
1
Suppose 0*w = 2*w + 6, 0 = -2*z + 4*w - 12. What is the units digit of (-21)/z - (-2)/8?
2
Let o = -9 - -14. Let x(r) = 5*r - 3 - 5*r + r. What is the units digit of x(o)?
2
Let k be (2/2)/((-3)/(-9)). Suppose -k*p + 0*p + 135 = 0. What is the tens digit of p?
4
Let h(q) = 25*q - 25. Let v(m) = 5*m - 5. Let a(p) = -2*h(p) + 11*v(p). What is the tens digit of a(4)?
1
Let j(n) = -n + 3. Let g be j(0). Suppose g = 3*c - 9. Suppose f - 5 = -c*f. What is the units digit of f?
1
Let i(f) = 1. Let q(o) = -o**2 - 6*o + 6. Suppose -1 = 4*r - 5. Let n(y) = r*q(y) - 4*i(y). What is the units digit of n(-6)?
2
Suppose -4*f = -5*g + 33 + 22, -4*g - 3*f + 75 = 0. Suppose -k = -3*j - j - g, 32 = 4*k - 2*j. What is the units digit of k?
7
Suppose 5*v = 2*t - 21, -4*t + 3 + 0 = 3*v. Let a = 7 - t. Suppose -a*h - h + 35 = 0. What is the units digit of h?
7
Let n(u) = -u + 8. Let r be n(6). Suppose -2*v = -5*w + 167, -7*w + r*w + 3*v + 168 = 0. What is the tens digit of w?
3
Let q(d) be the third derivative of 11*d**5/60 + d**4/12 + d**3/3 - 4*d**2. What is the tens digit of q(-2)?
4
Suppose 0 = -0*m + 2*m - 30. Suppose 2*w - m + 4 = -l, 5*l = 3*w + 42. What is the units digit of l?
9
Suppose 0 = -79*o + 82*o - 999. What is the tens digit of o?
3
Suppose -3*r - 50 = 2*r. Let c = 19 + r. What is the units digit of c?
9
Suppose 0 = -2*m + 2*t - 4, 2*m - 2*t + 9 = t. Suppose m*b - 6 = -0. Suppose -14 = -2*j + b. What is the units digit of j?
8
Let m(a) be the first derivative of 3 - 11/2*a**2 + 0*a. What is the tens digit of m(-1)?
1
Suppose 3*j + 1 = -4*q + 14, -3*j + 4*q + 5 = 0. Let o = j - -2. Suppose -46 = -o*u + 4. What is the tens digit of u?
1
Let h(y) = y**2 + 2*y - 5. Suppose 4*z + 32 = 4*p, 3*z + 5 = 2*p - 15. What is the units digit of h(z)?
3
Let p = 10 - 0. What is the tens digit of 1 + p - 1/1?
1
Suppose 0 = -5*z - 5. What is the tens digit of z - -3*(-128)/(-12)?
3
Let w = 4 - 17. Let x = w + 9. Let v(z) = -z**3 - 4*z**2 - 6*z - 6. What is the tens digit of v(x)?
1
Suppose 2*k - 2*g - 822 = 0, g = -k + 5*g + 426. What is the units digit of k?
6
Let d(l) = l**2 - 2*l - 3. Let z be d(4). Suppose 4*s + 2*c - 38 = 0, 4*s - 38 + 9 = -z*c. What is the tens digit of s?
1
Let v = -16 + 21. Let o(m) = 2*m**2 - 4*m + 9. What is the units digit of o(v)?
9
Let z(h) = h**2 - h + 7. What is the tens digit of z(-3)?
1
Suppose t - 5*t = -244. What is the tens digit of t?
6
Suppose 0 = 2*x + 3*x - 95. What is the tens digit of x?
1
Let n = -5 - -16. Let j = n - 6. Suppose -5*b = 5*x - 25, 0*x = -b + j*x - 13. What is the units digit of b?
2
Let m = 64 - 36. What is the units digit of m?
8
Suppose -160 + 14 = -2*o - 3*b, 3*b = o - 55. What is the units digit of o?
7
Let j be (20/6)/(8/12). Suppose -j*c - h + 27 = -35, 6 = -2*h. What is the tens digit of c?
1
What is the units digit of 30/20 + (-98)/(-4)?
6
What is the tens digit of -1*(-3 - -3 - 47)?
4
Let x(j) = j**3 + 4*j**2 - 4*j + 3. Let s(d) = 5*d**2 + 1. Let g be s(1). Suppose 4*q - g = 2. What is the units digit of x(q)?
9
Suppose 8*m = 14*m - 774. What is the hundreds digit of m?
1
Let g be (-3)/(-1) + 12/4. Suppose -k + g + 6 = -3*i, -4*k + 2*i + 18 = 0. What is the units digit of k?
3
Let r be 1*8*(-7)/(-14). Let z = r + 9. What is the units digit of z?
3
Suppose 3*h = 3*a - 9 + 51, 2*h + 2*a - 28 = 0. Let z = 20 - h. Let r = z - -2. What is the units digit of r?
8
Suppose -2*t = -5*m + 15, 3*t + 5*m - 15 = -0*t. Suppose 4*g = 5*i - 0 + 2, 3*i - 3*g = t. What is the units digit of 5*i*6/(-15)?
4
Let k = 24 + -11. What is the tens digit of k?
1
Let p = -15 - -17. What is the tens digit of (-42)/(9/(-12)*p)?
2
Let z(o) = -o - 1. Let d(q) = 5*q + 5. Let c(m) = d(m) + 4*z(m). What is the units digit of c(5)?
6
What is the hundreds digit of 4/(-6) - (-3388)/33?
1
Suppose -o = o - 4*s + 16, 0 = -3*o - 3*s - 6. Let i = 1 - o. Suppose 0 = i*w - w - 28. What is the units digit of w?
7
Let x be 0 + (0 + -1)/(-1). Let y = x - 0. What is the units digit of y?
1
Let u = -28 + 64. What is the units digit of u?
6
Let q be (-9471)/44 + (-6)/8. What is the units digit of q/(-28) + 6/21?
8
Suppose -3*j - j = 332. Let l = -41 - j. What is the units digit of l?
2
Suppose -4*n = -2*m - 592, -n - 3*m + 148 = -5*m. What is the units digit of n?
8
Let x be -2*((-6)/(-4) + -2). Let b(m) be the third derivative of m**6/30 - m**3/6 + 2*m**2. What is the units digit of b(x)?
3
Let k(y) = y**2 + y - 1. Let h(x) = 3*x**3 - 4*x**2 - 2*x + 3. Let z(l) = h(l) + 2*k(l). Let q be z(1). Suppose 8 = q*c - 6. What is the units digit of c?
7
Let u(y) = -y. Let p(b) = 18*b. Let f(x) = -p(x) - 15*u(x). What is the units digit of f(-2)?
6
Suppose -5*i - 864 = -13*i. What is the tens digit of i?
0
Let p(r) = -2*r + r**2 - 2*r**2 + 0*r + 5*r - 2*r**3 + 2. What is the units digit of p(-2)?
8
Suppose 4*y - 407 + 15 = 0. What is the tens digit of y?
9
Let z = -6 + 9. Let x = 6 - z. What is the units digit of x?
3
Let b be (-3)/2*(3 + -11). Suppose -b = 3*f - 7*f. Let a = f + -1. What is the units digit of a?
2
Suppose 2*h + m = 2, m - 2 = -h + 2*h. Suppose -2*u + 0*u = h. Suppose -x + 5*x - 4 = u. What is the units digit of x?
1
Suppose 70 = 4*y - 5*t, 5*t - 12 = -2. What is the units digit of y?
0
Let y(t) = t**3 + t**2 - t - 1. Let k be y(2). What is the units digit of (k/(-6))/((-6)/140)?
5
Let u = 47 - 24. Let j = 2 + u. What is the units digit of j?
5
Suppose n + 95 = 2*b, -4*b + n + 3*n + 180 = 0. Suppose 2*t + x - b = 0, t - 3*x + 42 = 3*t. What is the units digit of t?
7
Suppose w + 22 = 3*w. Suppose w + 1 = 3*y. What is the units digit of y?
4
Let i be (-27)/(-5) - 6/15. Suppose -i*p - 39 = 5*h - 3*p, -4*p + 27 = -5*h. What is the units digit of 2/h - (-46)/14?
3
Let d(u) = -u + 4. What is the tens digit of d(-17)?
2
Let s be (-1 - -5) + 1 + -2. Suppose 0 = -t - s*t + 12. What is the units digit of t?
3
Let c(s) be the third derivative of -s**6/120 + 3*s**5/20 + 7*s**4/12 - 5*s**2. What is the tens digit of c(10)?
4
Let o(m) = -2*m - 2. Let x be o(2). Let k be 2/8*x*-4. What is the units digit of 13/(-2*(-3)/k)?
3
What is the units digit of 15*6 - 6/(-2)?
3
What is the units digit of (-454)/(-18) - (-14)/(-63)?
5
Let y be 16/4 + 1*-1. Let n(k) = -k**3 + 5*k**2 - k - 3. What is the units digit of n(y)?
2
Let b(u) = 0*u - 27*u**2 + 29*u**2 - 6 - 8*u. What is the units digit of b(6)?
8
Suppose 14 = 5*t + 4*c, 2*c + 0*c = -4*t + 16. Let r be 4/t*(-1 - -7). Let h(q) = -q**3 + 4*q**2 + 3*q - 4. What is the units digit of h(r)?
8
Let o(u) = -u**3 - 3*u**2 + 3*u + 1. Let w be 16/6*(-30)/20. What is the units digit of o(w)?
5
Let q = 15 + -33. Let z = 9 - q. What is the tens digit of z?
2
Let h(c) = 2*c**2 - c + 1. Let g be h(1). Suppose g*w - 15 = 5. What is the tens digit of w?
1
Let u = -48 - -72. What is the tens digit of u?
2
Let w be 52/(-16) - 2/(-8). What is the units digit of (w + 2)/(4/(-72))?
8
Let o(v) = v - 3. Let k be o(0). What is the units digit of (-108)/(-15)*(-10)/k?
4
What is the hundreds digit of 4/22 + (-15950)/(-121)?
1
Let q(r) = -r**3 - 5*r**2 - 4*r + 3. Suppose b + 3 + 1 = 0. What is the units digit of q(b)?
3
Suppose v = -4*l + 623, 5*l + v - 796 = -17. What is the tens digit of l?
5
Suppose -2*k - 3*p + 56 = 0, 4*p - 6 = 2. What is the tens digit of k?
2
Let f(s) = -15*s**2 - 3*s - 2. Let t be f(-2). Let b be t/10 - 2/5. Let g = -4 - b. What is the units digit of g?
2
Let q(k) be the second derivative of k**4/4 - k**3/6 - 2*k**2 + k. Let x be q(-3). Let y = x - 13. What is the tens digit of y?
1
Let p(s) = 8*s + 16. What is the units digit of p(9)?
8
Let z = 8 - 14. Let f = z - -11. What is the units digit of f?
5
Suppose -y + 93 = -129. What is the units digit of y?
2
Let j be (-16)/72 - (-50)/(-18). Let d(v) = -11*v - 5. What is the tens digit of d(j)?
2
Let j = 58 + -35. What is the units digit of j?
3
Suppose -2 = -p + u, -5*p - 2 = 5*u - 12. Let y be (-2)/(-1*2) - -1. Suppose -n + 2*h = 3*h + p, -5*n - y*h = -2. What is the units digit of n?
2
Suppose -17*z - 14 = -19*z. What is the units digit of z?
7
What is the tens digit of (3 - 1)*102 + 1?
0
Suppose 588 = 2*h + 158. What is the hundreds digit of h?
2
What is the units digit of (-772)/(-4) + 6/6?
4
Suppose 5*q - m = 81 + 79, 4*q + 4*m = 1